{"id":51,"date":"2022-04-30T18:44:29","date_gmt":"2022-04-30T16:44:29","guid":{"rendered":"http:\/\/moniq-home.art\/?page_id=51"},"modified":"2022-05-24T21:30:49","modified_gmt":"2022-05-24T19:30:49","slug":"pedicure","status":"publish","type":"page","link":"https:\/\/moniq-home.art\/index.php\/pedicure\/","title":{"rendered":"Pedicure"},"content":{"rendered":"<p style=\"text-align: center\" size=\"5\"> Majowe akcje &#8222;przed&#8221; i &#8222;po&#8221; cz\u0119\u015b\u0107 1. <\/p>\n<table align:\"center\">\n<tr style=\"align: center\">\n<td align=center>\n         <a href=\"http:\/\/moniq-home.art\/wp-content\/uploads\/2022\/05\/0001a-scaled.jpeg\"><img loading=\"lazy\" decoding=\"async\" src=\"http:\/\/moniq-home.art\/wp-content\/uploads\/2022\/05\/0001a-scaled.jpeg\" width=\"250\" height=\"250\"\/>\n      <\/td>\n<td>\n         <a href=\"http:\/\/moniq-home.art\/wp-content\/uploads\/2022\/05\/0001b-scaled.jpeg\"><img loading=\"lazy\" decoding=\"async\" src=\"http:\/\/moniq-home.art\/wp-content\/uploads\/2022\/05\/0001b-scaled.jpeg\" width=\"250\" height=\"250\"\/>\n      <\/td>\n<\/tr>\n<tr>\n<td>\n         <a href=\"http:\/\/moniq-home.art\/wp-content\/uploads\/2022\/05\/IMG20220514094352-scaled.jpg\"><img loading=\"lazy\" decoding=\"async\" src=\"http:\/\/moniq-home.art\/wp-content\/uploads\/2022\/05\/IMG20220514094352-scaled.jpg\" width=\"250\" height=\"250\"\/>\n      <\/td>\n<td>\n         <a href=\"http:\/\/moniq-home.art\/wp-content\/uploads\/2022\/05\/IMG20220514101314-scaled.jpg\"><img loading=\"lazy\" decoding=\"async\" src=\"http:\/\/moniq-home.art\/wp-content\/uploads\/2022\/05\/IMG20220514101314-scaled.jpg\" width=\"250\" height=\"250\"\/>\n      <\/td>\n<\/tr>\n<tr>\n<th>\n         <a href=\"http:\/\/moniq-home.art\/wp-content\/uploads\/2022\/05\/processed-4bb8275e-ad2a-4313-9b55-72e36f3304d4_jdfNJ083-scaled.jpeg\"><img loading=\"lazy\" decoding=\"async\" src=\"http:\/\/moniq-home.art\/wp-content\/uploads\/2022\/05\/processed-4bb8275e-ad2a-4313-9b55-72e36f3304d4_jdfNJ083-scaled.jpeg\" width=\"250\" height=\"250\"\/>\n      <\/th>\n<th>\n         <a href=\"http:\/\/moniq-home.art\/wp-content\/uploads\/2022\/05\/processed-b3556e26-547f-4bf1-a02e-03819d1a659f_c6Frp0DT-scaled.jpeg\"><img loading=\"lazy\" decoding=\"async\" src=\"http:\/\/moniq-home.art\/wp-content\/uploads\/2022\/05\/processed-b3556e26-547f-4bf1-a02e-03819d1a659f_c6Frp0DT-scaled.jpeg\" width=\"250\" height=\"250\"\/>\n      <\/th>\n<\/tr>\n<\/table>\n<p style=\"text-align: center\"> Sezon u Pa\u0144 zaczynamy od czerwieni! Natomiast u Pan\u00f3w klasyka \ud83d\ude42 <\/p>\n<p style=\"text-align: center\"><a href=\"http:\/\/moniq-home.art\/wp-content\/uploads\/2022\/05\/5.png\"><img loading=\"lazy\" decoding=\"async\" src=\"http:\/\/moniq-home.art\/wp-content\/uploads\/2022\/05\/5.png\" border=\"0\" width=\"300\" height=\"240\" alt=\"fiolet\"><\/a><\/p>\n","protected":false},"excerpt":{"rendered":"<p>Majowe akcje &#8222;przed&#8221; i &#8222;po&#8221; cz\u0119\u015b\u0107 1. Sezon u Pa\u0144 zaczynamy od czerwieni! Natomiast u Pan\u00f3w klasyka \ud83d\ude42<\/p>\n","protected":false},"author":1,"featured_media":0,"parent":0,"menu_order":0,"comment_status":"closed","ping_status":"closed","template":"","meta":{"footnotes":""},"class_list":["post-51","page","type-page","status-publish","hentry"],"_links":{"self":[{"href":"https:\/\/moniq-home.art\/index.php\/wp-json\/wp\/v2\/pages\/51","targetHints":{"allow":["GET"]}}],"collection":[{"href":"https:\/\/moniq-home.art\/index.php\/wp-json\/wp\/v2\/pages"}],"about":[{"href":"https:\/\/moniq-home.art\/index.php\/wp-json\/wp\/v2\/types\/page"}],"author":[{"embeddable":true,"href":"https:\/\/moniq-home.art\/index.php\/wp-json\/wp\/v2\/users\/1"}],"replies":[{"embeddable":true,"href":"https:\/\/moniq-home.art\/index.php\/wp-json\/wp\/v2\/comments?post=51"}],"version-history":[{"count":16,"href":"https:\/\/moniq-home.art\/index.php\/wp-json\/wp\/v2\/pages\/51\/revisions"}],"predecessor-version":[{"id":276,"href":"https:\/\/moniq-home.art\/index.php\/wp-json\/wp\/v2\/pages\/51\/revisions\/276"}],"wp:attachment":[{"href":"https:\/\/moniq-home.art\/index.php\/wp-json\/wp\/v2\/media?parent=51"}],"curies":[{"name":"wp","href":"https:\/\/api.w.org\/{rel}","templated":true}]}}