{"id":23,"date":"2022-04-26T13:10:16","date_gmt":"2022-04-26T11:10:16","guid":{"rendered":"http:\/\/moniq-home.art\/?page_id=23"},"modified":"2022-04-26T13:12:48","modified_gmt":"2022-04-26T11:12:48","slug":"opis-dzialalnosci","status":"publish","type":"page","link":"https:\/\/moniq-home.art\/index.php\/opis-dzialalnosci\/","title":{"rendered":"Opis dzia\u0142alno\u015bci"},"content":{"rendered":"<p>To jest tekst pr\u00f3bny. Wkr\u00f3tce pojawi si\u0119 tutaj bogaty opis tego, czym si\u0119 zajmujemy.<\/p>\n","protected":false},"excerpt":{"rendered":"<p>To jest tekst pr\u00f3bny. Wkr\u00f3tce pojawi si\u0119 tutaj bogaty opis tego, czym si\u0119 zajmujemy.<\/p>\n","protected":false},"author":1,"featured_media":0,"parent":0,"menu_order":0,"comment_status":"closed","ping_status":"closed","template":"","meta":{"footnotes":""},"class_list":["post-23","page","type-page","status-publish","hentry"],"_links":{"self":[{"href":"https:\/\/moniq-home.art\/index.php\/wp-json\/wp\/v2\/pages\/23","targetHints":{"allow":["GET"]}}],"collection":[{"href":"https:\/\/moniq-home.art\/index.php\/wp-json\/wp\/v2\/pages"}],"about":[{"href":"https:\/\/moniq-home.art\/index.php\/wp-json\/wp\/v2\/types\/page"}],"author":[{"embeddable":true,"href":"https:\/\/moniq-home.art\/index.php\/wp-json\/wp\/v2\/users\/1"}],"replies":[{"embeddable":true,"href":"https:\/\/moniq-home.art\/index.php\/wp-json\/wp\/v2\/comments?post=23"}],"version-history":[{"count":2,"href":"https:\/\/moniq-home.art\/index.php\/wp-json\/wp\/v2\/pages\/23\/revisions"}],"predecessor-version":[{"id":31,"href":"https:\/\/moniq-home.art\/index.php\/wp-json\/wp\/v2\/pages\/23\/revisions\/31"}],"wp:attachment":[{"href":"https:\/\/moniq-home.art\/index.php\/wp-json\/wp\/v2\/media?parent=23"}],"curies":[{"name":"wp","href":"https:\/\/api.w.org\/{rel}","templated":true}]}}